se 3, what is -222 - -120122012200211?
120122012122212
In base 9, what is 127 - 7201133?
-7201005
In base 8, what is 10 - -224147071?
224147101
In base 10, what is 196 - -42902?
43098
In base 5, what is 242144 + 141042?
433241
In base 2, what is -11 - -10101011101011011111111000?
10101011101011011111110101
In base 2, what is -1011111101111110100011 - 1110?
-1011111101111110110001
In base 11, what is 4310 - -3700a?
4031a
In base 2, what is -111001101011011111110001110 - -10?
-111001101011011111110001100
In base 11, what is 680170694 - -3?
680170697
In base 2, what is -101 - 1011101101010010110011000111?
-1011101101010010110011001100
In base 9, what is -74 - 11558073?
-11558157
In base 9, what is -21 - 145376?
-145407
In base 14, what is -2380 + -170?
-2510
In base 10, what is 8271 + 401?
8672
In base 5, what is -24231 + -423?
-30204
In base 7, what is 10 - 204610220?
-204610210
In base 13, what is -5c8 - 1c2c?
-2527
In base 8, what is 34206 - 456?
33530
In base 15, what is -2897 + 511?
-2386
In base 4, what is -1100 - 23213021?
-23220121
In base 12, what is -690919 - 21?
-69093a
In base 14, what is 0 + 40b9ad?
40b9ad
In base 9, what is 227042 - 11?
227031
In base 12, what is -101a76 - -b0?
-101986
In base 11, what is 14265 - -918?
15082
In base 8, what is -112202 - 0?
-112202
In base 4, what is -30021 + -102321300?
-103011321
In base 15, what is 11a4cb + 20?
11a4eb
In base 16, what is -1 - -cb2d54?
cb2d53
In base 13, what is -11071153 - 5?
-11071158
In base 5, what is -42233010 - 43?
-42233103
In base 10, what is -998387 - 26?
-998413
In base 10, what is -5 - 3018890?
-3018895
In base 6, what is -315241 - 24?
-315305
In base 5, what is -244400 + -33321?
-333221
In base 3, what is 12000122120022 + -1020?
12000122112002
In base 14, what is 1 + 184d575?
184d576
In base 2, what is -100110 + 1000011110110001001111011?
1000011110110001001010101
In base 11, what is -4017649 + 55?
-40175a4
In base 7, what is 1322 - 63645?
-62323
In base 3, what is 1001221120222 + 121?
1001221121120
In base 5, what is 2440 + -2104034?
-2101044
In base 11, what is -6176 + -3296?
-9461
In base 16, what is -8a + 30b5f?
30ad5
In base 2, what is 11001001111010010100111100 + 101?
11001001111010010101000001
In base 10, what is 2620 - -37171?
39791
In base 14, what is -1cd665 + -1?
-1cd666
In base 14, what is -d1d05 - 83?
-d1d88
In base 11, what is 1167 - -23754?
24910
In base 8, what is 132440 + -74?
132344
In base 10, what is -15922 - -4797?
-11125
In base 12, what is 21 - -1842332?
1842353
In base 5, what is -1 + -1224024234?
-1224024240
In base 11, what is -156a - 66313?
-67882
In base 7, what is 52 + 13103?
13155
In base 12, what is 9a94718a - 5?
9a947185
In base 7, what is 6 + 56565203?
56565212
In base 3, what is -1212011012 - -20120102?
-1121120210
In base 4, what is -3320303330 + 2?
-3320303322
In base 15, what is -4 + 1eb183?
1eb17e
In base 9, what is 8285732 - 0?
8285732
In base 5, what is -12444 - -2131110?
2113111
In base 15, what is -18a0 - -10487?
dad7
In base 4, what is -12121000233 + 0?
-12121000233
In base 3, what is -11 - -120111022112121101?
120111022112121020
In base 6, what is 24212414 + 50?
24212504
In base 16, what is 72 - 55377?
-55305
In base 5, what is 2 + 3014011420?
3014011422
In base 12, what is 6b03 - 4753?
2370
In base 3, what is 102100122100012 + -222?
102100122022020
In base 5, what is 0 - 24033344043?
-24033344043
In base 2, what is -11010000101110001011010110011 - -100?
-11010000101110001011010101111
In base 3, what is -12221210221010211 - -2?
-12221210221010202
In base 14, what is 34 - 42781?
-4274b
In base 9, what is -1523 + -116804?
-118427
In base 4, what is 11212203032302 + -10?
11212203032232
In base 12, what is -5 - -2b0a44b3?
2b0a44aa
In base 7, what is -14 - 1151056204?
-1151056221
In base 10, what is -2 + 17524840?
17524838
In base 11, what is 3 + -832610?
-832608
In base 8, what is -155402 + -220?
-155622
In base 10, what is 578382 + -14?
578368
In base 11, what is -18212 + -4882?
-21a94
In base 14, what is -82c930 - -8?
-82c926
In base 13, what is -2b - 3244a?
-32478
In base 14, what is a4 + 30610?
306b4
In base 16, what is 2367d06 - -3?
2367d09
In base 16, what is 5c + -2cee29?
-2cedcd
In base 11, what is -9 - 25342315?
-25342323
In base 6, what is 122505 - 122500?
5
In base 10, what is -5987 + -1269?
-7256
In base 8, what is 13056617 + 411?
13057230
In base 5, what is -20 - -103031324?
103031304
In base 11, what is -90 - 20a927?
-20aa07
In base 16, what is -3 + 3b8961?
3b895e
In base 3, what is 122002201101 - -202120?
122010110221
In base 6, what is -2301025 + 23?
-2301002
In base 7, what is -120 + 41545014?
41544564
In base 7, what is 4051 - 3121?
630
In base 9, what is 21863222 - -1?
21863223
In base 11, what is -7 + 38aaa55?
38aaa49
In base 2, what is -110111001010000110010 + 1000?
-110111001010000101010
In base 13, what is 0 - 1784c6?
-1784c6
In base 5, what is -3403040 - -2422?
-3400113
In base 13, what is ab + -49514?
-49436
In base 2, what is 1100010101 + 1001010010101?
1010110101010
In base 4, what is -30333200301 - -102?
-30333200133
In base 6, what is 2054455 + -5313?
2045142
In base 4, what is 11000312 + 110000?
11110312
In base 8, what is 4026322 + -2?
4026320
In base 12, what is -3b5 - 6a10b?
-6a504
In base 8, what is -126 - 30577542?
-30577670
In base 2, what is -101100100001101010111011 + 0?
-101100100001101010111011
In base 10, what is 891071 + -319?
890752
In base 8, what is -1 - -1542271746?
1542271745
In base 8, what is -1 - -32603536?
32603535
In base 12, what is 19346 - -b8?
19442
In base 16, what is 7e1 - 9569c?
-94ebb
In base 7, what is 363531405 + 5?
363531413
In base 5, what is 21243022 - -2004?
21300031
In base 10, what is 17233582 - -5?
17233587
In base 14, what is -8b81b51 - -5?
-8b81b4a
In base 10, what is -99491 - 101?
-99592
In base 8, what is -713 + 1571?
656
In base 7, what is 4033516 - 165?
4033321
In base 5, what is 24 - 102404034320?
-102404034241
In base 2, what is -110110001000110010 - 11000011001?
-110110100001001011
In base 11, what is 338 + -89098?
-88860
In base 8, what is 2524 + -771612?
-767066
In base 13, what is -5 - -1a92962?
1a9295a
In base 9, what is -15047575 + 4?
-15047571
In base 12, what is -4 - -291896?
291892
In base 6, what is -213445 + 1323?
-212122
In base 5, what is 42212 + 2344?
100111
In base 9, what is -1500 + -222780?
-224380
In base 2, what is 1001000111111100101000 + 11?
1001000111111100101011
In base 2, what is -10110101 - 10011011000011011?
-10011011011010000
In base 5, what is 314 + -2040243423?
-2040243104
In base 10, what is 916 - -36216?
37132
In base 11, what is -97910 + 848?
-97073
In base 14, what is -1bc7 - -664dc?
64715
In base 16, what is -1fa6108 - -27?
-1fa60e1
In base 6, what is 223154404 + -15?
223154345
In base 10, what is 2 + 2415810?
2415812
In base 2, what is -101 - -11000000000011001101111?
11000000000011001101010
In base 12, what is -24609641 + 5?
-24609638
In base 12, what is -1230 - 1a551?
-1b781
In base 6, what is -31 - 32431301?
-32431332
In base 2, what is -1001 - -1110111111110110?
1110111111101101
In base 16, what is 4515a4 + -2?
4515a2
In base 12, what is 6638 - -5363?
b99b
In base 6, what is 0 + -13231313?
-13231313
In base 3, what is -221102122100211 + 1210?
-221102122022001
In base 5, what is -2 - -11101100023?
11101100021
In base 3, what is -1011000001 - -12101122?
-221121102
In base 2, what is -101110000011101 - -1010000011010?
-100100000000011
In base 16, what is -20 - 2491e?
-2493e
In base 6, what is 0 - 5135443552?
-5135443552
In base 10, what is -117910 + 4231?
-113679
In base 5, what is -2433 + -231334?
-234322
In base 5, what is -2201432403 - -2?
-2201432401
In base 5, what is 10 + -44023212?
-44023202
In base 6, what is 2 + 1315414443?
1315414445
In base 2, what is -11000011001001100101 + 1101?
-11000011001001011000
In base 9, what is -114630 - -65?
-114554
In base 15, what is 158 - 596e2?
-59589
In base 6, what is 2501 + 2215000?
2221501
In base 15, what is 1042 + -481?
ab1
In base 4, what is -23 - 1031311313?
-1031312002
In base 10, what is 1986 + 73007?
74993
In base 5, what is 210432144 - 13?
210432131
In base 4, what is -202 + 1010132102?
1010131300
In base 2, what is 1110111111010011100 + -11101?
1110111111001111